{"id":11769,"date":"2025-12-24T19:07:32","date_gmt":"2025-12-24T18:07:32","guid":{"rendered":"https:\/\/queenzdz.com\/?post_type=product&#038;p=11769"},"modified":"2026-03-26T15:34:15","modified_gmt":"2026-03-26T14:34:15","slug":"manteau-alice-2","status":"publish","type":"product","link":"https:\/\/queenzdz.com\/index.php\/product\/manteau-alice-2\/","title":{"rendered":"Manteau Alice"},"content":{"rendered":"","protected":false},"excerpt":{"rendered":"<p>Caract\u00e9ristiques du produit :<br \/>\n MANTEAU LONG \u00c0 MANCHES LONGUES, COL \u00c0 VOLANTS, OUVERT \u00c0 L&#8217;AVANT, AVEC POIGNETS ET CEINTURE, DOUBL\u00c9 \u00c0 L&#8217;INT\u00c9RIEUR.<br \/>\nCoupe oversize.<br \/>\nLongueur: 126cm<br \/>\nTaille 1: 36 39 40<br \/>\nTaille 2: 42 44 46<\/p>\n<p>taille port\u00e9 par le mannequin: Taille 1<\/p>\n","protected":false},"featured_media":6754,"template":"","meta":[],"product_brand":[],"product_cat":[31],"product_tag":[],"class_list":{"0":"post-11769","1":"product","2":"type-product","3":"status-publish","4":"has-post-thumbnail","6":"product_cat-coats-and-jackets","8":"first","9":"outofstock","10":"purchasable","11":"product-type-variable","12":"has-default-attributes"},"aioseo_notices":[],"_links":{"self":[{"href":"https:\/\/queenzdz.com\/index.php\/wp-json\/wp\/v2\/product\/11769","targetHints":{"allow":["GET"]}}],"collection":[{"href":"https:\/\/queenzdz.com\/index.php\/wp-json\/wp\/v2\/product"}],"about":[{"href":"https:\/\/queenzdz.com\/index.php\/wp-json\/wp\/v2\/types\/product"}],"version-history":[{"count":1,"href":"https:\/\/queenzdz.com\/index.php\/wp-json\/wp\/v2\/product\/11769\/revisions"}],"predecessor-version":[{"id":11774,"href":"https:\/\/queenzdz.com\/index.php\/wp-json\/wp\/v2\/product\/11769\/revisions\/11774"}],"wp:featuredmedia":[{"embeddable":true,"href":"https:\/\/queenzdz.com\/index.php\/wp-json\/wp\/v2\/media\/6754"}],"wp:attachment":[{"href":"https:\/\/queenzdz.com\/index.php\/wp-json\/wp\/v2\/media?parent=11769"}],"wp:term":[{"taxonomy":"product_brand","embeddable":true,"href":"https:\/\/queenzdz.com\/index.php\/wp-json\/wp\/v2\/product_brand?post=11769"},{"taxonomy":"product_cat","embeddable":true,"href":"https:\/\/queenzdz.com\/index.php\/wp-json\/wp\/v2\/product_cat?post=11769"},{"taxonomy":"product_tag","embeddable":true,"href":"https:\/\/queenzdz.com\/index.php\/wp-json\/wp\/v2\/product_tag?post=11769"}],"curies":[{"name":"wp","href":"https:\/\/api.w.org\/{rel}","templated":true}]}}