{"id":7820,"date":"2025-02-20T23:00:53","date_gmt":"2025-02-20T22:00:53","guid":{"rendered":"https:\/\/queenzdz.com\/?post_type=product&#038;p=7820"},"modified":"2025-10-31T23:17:28","modified_gmt":"2025-10-31T22:17:28","slug":"ensemble-en-denim-aura","status":"publish","type":"product","link":"https:\/\/queenzdz.com\/index.php\/product\/ensemble-en-denim-aura\/","title":{"rendered":"Ensemble en denim Aura"},"content":{"rendered":"","protected":false},"excerpt":{"rendered":"<p>Caract\u00e9ristiques du produit: <\/p>\n<p>D\u00e9coupe oversize.<br \/>\nlongueur : 64 cm le haut, 115 cm le bas<br \/>\nTaille du mannequin : 165 cm<br \/>\nPoids du mannequin : 49-50 kg<\/p>\n<p>Composition du tissu : 100 % coton<\/p>\n<p>Les mesures manuelles peuvent avoir une diff\u00e9rence de 2 \u00e0 3 cm.<\/p>\n<p>La taille S a \u00e9t\u00e9 utilis\u00e9e dans le shooting.<\/p>\n","protected":false},"featured_media":7821,"template":"","meta":[],"product_brand":[],"product_cat":[24],"product_tag":[],"class_list":{"0":"post-7820","1":"product","2":"type-product","3":"status-publish","4":"has-post-thumbnail","6":"product_cat-sets","8":"first","9":"outofstock","10":"purchasable","11":"product-type-variable","12":"has-default-attributes"},"aioseo_notices":[],"_links":{"self":[{"href":"https:\/\/queenzdz.com\/index.php\/wp-json\/wp\/v2\/product\/7820","targetHints":{"allow":["GET"]}}],"collection":[{"href":"https:\/\/queenzdz.com\/index.php\/wp-json\/wp\/v2\/product"}],"about":[{"href":"https:\/\/queenzdz.com\/index.php\/wp-json\/wp\/v2\/types\/product"}],"version-history":[{"count":3,"href":"https:\/\/queenzdz.com\/index.php\/wp-json\/wp\/v2\/product\/7820\/revisions"}],"predecessor-version":[{"id":7834,"href":"https:\/\/queenzdz.com\/index.php\/wp-json\/wp\/v2\/product\/7820\/revisions\/7834"}],"wp:featuredmedia":[{"embeddable":true,"href":"https:\/\/queenzdz.com\/index.php\/wp-json\/wp\/v2\/media\/7821"}],"wp:attachment":[{"href":"https:\/\/queenzdz.com\/index.php\/wp-json\/wp\/v2\/media?parent=7820"}],"wp:term":[{"taxonomy":"product_brand","embeddable":true,"href":"https:\/\/queenzdz.com\/index.php\/wp-json\/wp\/v2\/product_brand?post=7820"},{"taxonomy":"product_cat","embeddable":true,"href":"https:\/\/queenzdz.com\/index.php\/wp-json\/wp\/v2\/product_cat?post=7820"},{"taxonomy":"product_tag","embeddable":true,"href":"https:\/\/queenzdz.com\/index.php\/wp-json\/wp\/v2\/product_tag?post=7820"}],"curies":[{"name":"wp","href":"https:\/\/api.w.org\/{rel}","templated":true}]}}