{"id":8285,"date":"2025-03-16T22:32:49","date_gmt":"2025-03-16T21:32:49","guid":{"rendered":"https:\/\/queenzdz.com\/?post_type=product&#038;p=8285"},"modified":"2025-08-28T19:57:40","modified_gmt":"2025-08-28T18:57:40","slug":"costume-viola-3pcs-bordeaux","status":"publish","type":"product","link":"https:\/\/queenzdz.com\/index.php\/product\/costume-viola-3pcs-bordeaux\/","title":{"rendered":"Costume Viola 3pcs &#8211; Bordeaux"},"content":{"rendered":"","protected":false},"excerpt":{"rendered":"<p>Costume \u00e0 3 pi\u00e8ces.<br \/>\nUne taille L a \u00e9t\u00e9 utilis\u00e9e lors du shooting<\/p>\n<p>Mesures du mannequin :<br \/>\nTaille : 178 cm<br \/>\nPoids : 78 kg<\/p>\n<p>Longueur de la veste: 78cm<br \/>\npantalon: 112cm<\/p>\n","protected":false},"featured_media":8286,"template":"","meta":[],"product_brand":[],"product_cat":[18,24],"product_tag":[],"class_list":{"0":"post-8285","1":"product","2":"type-product","3":"status-publish","4":"has-post-thumbnail","6":"product_cat-new-arrivals","7":"product_cat-sets","9":"first","10":"outofstock","11":"purchasable","12":"product-type-variable","13":"has-default-attributes"},"aioseo_notices":[],"_links":{"self":[{"href":"https:\/\/queenzdz.com\/index.php\/wp-json\/wp\/v2\/product\/8285","targetHints":{"allow":["GET"]}}],"collection":[{"href":"https:\/\/queenzdz.com\/index.php\/wp-json\/wp\/v2\/product"}],"about":[{"href":"https:\/\/queenzdz.com\/index.php\/wp-json\/wp\/v2\/types\/product"}],"version-history":[{"count":1,"href":"https:\/\/queenzdz.com\/index.php\/wp-json\/wp\/v2\/product\/8285\/revisions"}],"predecessor-version":[{"id":8293,"href":"https:\/\/queenzdz.com\/index.php\/wp-json\/wp\/v2\/product\/8285\/revisions\/8293"}],"wp:featuredmedia":[{"embeddable":true,"href":"https:\/\/queenzdz.com\/index.php\/wp-json\/wp\/v2\/media\/8286"}],"wp:attachment":[{"href":"https:\/\/queenzdz.com\/index.php\/wp-json\/wp\/v2\/media?parent=8285"}],"wp:term":[{"taxonomy":"product_brand","embeddable":true,"href":"https:\/\/queenzdz.com\/index.php\/wp-json\/wp\/v2\/product_brand?post=8285"},{"taxonomy":"product_cat","embeddable":true,"href":"https:\/\/queenzdz.com\/index.php\/wp-json\/wp\/v2\/product_cat?post=8285"},{"taxonomy":"product_tag","embeddable":true,"href":"https:\/\/queenzdz.com\/index.php\/wp-json\/wp\/v2\/product_tag?post=8285"}],"curies":[{"name":"wp","href":"https:\/\/api.w.org\/{rel}","templated":true}]}}